{"id":7407,"date":"2026-09-04T16:06:28","date_gmt":"2026-09-04T16:06:28","guid":{"rendered":"https:\/\/cider.ufpso.edu.co\/?page_id=7407"},"modified":"2026-09-04T16:40:36","modified_gmt":"2026-09-04T16:40:36","slug":"vi-coloquio-internacional-de-investigacion-2","status":"publish","type":"page","link":"https:\/\/cider.ufpso.edu.co\/?page_id=7407","title":{"rendered":"VI Coloquio Internacional de Investigaci\u00f3n"},"content":{"rendered":"\n<div class=\"wp-block-columns is-layout-flex wp-container-core-columns-is-layout-1 wp-block-columns-is-layout-flex\">\n<div class=\"wp-block-column is-layout-flow wp-block-column-is-layout-flow\">\n<figure class=\"wp-block-image size-full\"><img loading=\"lazy\" decoding=\"async\" width=\"540\" height=\"701\" src=\"https:\/\/cider.ufpso.edu.co\/wp-content\/uploads\/2026\/09\/VI-Coloquio.png\" alt=\"\" class=\"wp-image-7425\" srcset=\"https:\/\/cider.ufpso.edu.co\/wp-content\/uploads\/2026\/09\/VI-Coloquio.png 540w, https:\/\/cider.ufpso.edu.co\/wp-content\/uploads\/2026\/09\/VI-Coloquio-231x300.png 231w\" sizes=\"auto, (max-width: 540px) 100vw, 540px\" \/><\/figure>\n<\/div>\n\n\n\n<div class=\"wp-block-column is-layout-flow wp-block-column-is-layout-flow\">\n<h6 class=\"wp-block-heading\">VI Coloquio Internacional de Investigaci\u00f3n 2025<\/h6>\n\n\n\n<p><strong><em>CR\u00c9DITOS<\/em><\/strong><br><strong>Adriana Mosquera Carrascal:&nbsp;<\/strong>Decana Facultad de ciencias Administrativa y Econ\u00f3micas UFPSO<\/p>\n\n\n\n<p><strong><em>Equipo Centro de Investigaci\u00f3n para el Desarrollo Regional [CIDER]<\/em><\/strong><br><strong><br>Doralba coronel coronel:&nbsp;<\/strong>Directora Centro de Investigaci\u00f3n para el<br>Desarrollo Regional \u201cCIDER\u201d<br><strong>Carmen Amanda Ib\u00e1\u00f1ez Rueda:&nbsp;<\/strong>Coordinador Observatorio Laboral y Econ\u00f3mico<br><strong><strong>Jorge Adid Parra Alvernia<\/strong>:&nbsp;<\/strong>Coordinador Observatorio del Sector Solidario<br><strong>Luz Mery Dur\u00e1n Alvernia:&nbsp;<\/strong>Profesional de apoyo grupo de investigaci\u00f3n ROTA, GIDSE, GICAE<strong><br>Yesid Castro Chichilla:&nbsp;<\/strong>Profesional de apoyo en Divulgaci\u00f3n de Informaci\u00f3n y Estad\u00edstica<br><strong>Yelena Alexandra P\u00e9rez Quintero:<\/strong> Profesional de apoyo Reconocimiento del CIDER<br><strong>Eliana Patricia Contreras Rinc\u00f3n:<\/strong> Profesional de apoyo CIDER<br><strong>Liseth Paola Claro:<\/strong> Profesional de apoyo de la Revista<br>Profundidad<br><em><strong><br>Comit\u00e9 curricular del programa de contadur\u00eda P\u00fablica UFPSO<br><\/strong><\/em><strong>Fanny Stella Soto Ar\u00e9valo:<\/strong>&nbsp;Coordinadora estrategia pedag\u00f3gica del programa \u201cDossier Formativo Integrador\u201d<br><br><strong><em>Comit\u00e9 Cient\u00edfico:<\/em><\/strong><br>Grupos de investigaci\u00f3n UFPSO GIDSE, ROTA y GICAE<br><strong>ISSN :&nbsp;<\/strong>2744-869X<br><strong>Memorias<\/strong>: <a href=\"https:\/\/ufpso.edu.co\/media\/contenido\/programas%20academicos\/administraci%C3%B3n%20de%20empresas%20\/cider\/coloquio\/memorias%20trabajos%20de%20aula.pdf\">https:\/\/ufpso.edu.co\/media\/contenido\/programas.pdf<\/a><\/p>\n<\/div>\n<\/div>\n","protected":false},"excerpt":{"rendered":"<p>VI Coloquio Internacional de Investigaci\u00f3n 2025 CR\u00c9DITOSAdriana Mosquera Carrascal:&nbsp;Decana Facultad de ciencias Administrativa y Econ\u00f3micas UFPSO Equipo Centro de Investigaci\u00f3n para el Desarrollo Regional [CIDER]Doralba coronel coronel:&nbsp;Directora Centro de Investigaci\u00f3n para elDesarrollo Regional \u201cCIDER\u201dCarmen Amanda Ib\u00e1\u00f1ez Rueda:&nbsp;Coordinador Observatorio Laboral y Econ\u00f3micoJorge Adid Parra Alvernia:&nbsp;Coordinador Observatorio del Sector SolidarioLuz Mery Dur\u00e1n Alvernia:&nbsp;Profesional de apoyo grupo de&hellip;&nbsp;<a href=\"https:\/\/cider.ufpso.edu.co\/?page_id=7407\" class=\"\" rel=\"bookmark\">Leer m\u00e1s &raquo;<span class=\"screen-reader-text\">VI Coloquio Internacional de Investigaci\u00f3n<\/span><\/a><\/p>\n","protected":false},"author":1,"featured_media":0,"parent":0,"menu_order":0,"comment_status":"closed","ping_status":"closed","template":"","meta":{"neve_meta_sidebar":"","neve_meta_container":"","neve_meta_enable_content_width":"","neve_meta_content_width":0,"neve_meta_title_alignment":"","neve_meta_author_avatar":"","neve_post_elements_order":"","neve_meta_disable_header":"","neve_meta_disable_footer":"","neve_meta_disable_title":"","footnotes":""},"class_list":["post-7407","page","type-page","status-publish","hentry"],"_links":{"self":[{"href":"https:\/\/cider.ufpso.edu.co\/index.php?rest_route=\/wp\/v2\/pages\/7407","targetHints":{"allow":["GET"]}}],"collection":[{"href":"https:\/\/cider.ufpso.edu.co\/index.php?rest_route=\/wp\/v2\/pages"}],"about":[{"href":"https:\/\/cider.ufpso.edu.co\/index.php?rest_route=\/wp\/v2\/types\/page"}],"author":[{"embeddable":true,"href":"https:\/\/cider.ufpso.edu.co\/index.php?rest_route=\/wp\/v2\/users\/1"}],"replies":[{"embeddable":true,"href":"https:\/\/cider.ufpso.edu.co\/index.php?rest_route=%2Fwp%2Fv2%2Fcomments&post=7407"}],"version-history":[{"count":7,"href":"https:\/\/cider.ufpso.edu.co\/index.php?rest_route=\/wp\/v2\/pages\/7407\/revisions"}],"predecessor-version":[{"id":7426,"href":"https:\/\/cider.ufpso.edu.co\/index.php?rest_route=\/wp\/v2\/pages\/7407\/revisions\/7426"}],"wp:attachment":[{"href":"https:\/\/cider.ufpso.edu.co\/index.php?rest_route=%2Fwp%2Fv2%2Fmedia&parent=7407"}],"curies":[{"name":"wp","href":"https:\/\/api.w.org\/{rel}","templated":true}]}}

VI Coloquio Internacional de Investigación

<div class="wp-block-columns is-layout-flex wp-container-core-columns-is-layout-1 wp-block-columns-is-layout-flex">
<div class="wp-block-column is-layout-flow wp-block-column-is-layout-flow">
<figure class="wp-block-image size-full"><img loading="lazy" decoding="async" width="540" height="701" src="https://cider.ufpso.edu.co/wp-content/uploads/2026/09/VI-Coloquio.png" alt="" class="wp-image-7425" srcset="https://cider.ufpso.edu.co/wp-content/uploads/2026/09/VI-Coloquio.png 540w, https://cider.ufpso.edu.co/wp-content/uploads/2026/09/VI-Coloquio-231x300.png 231w" sizes="auto, (max-width: 540px) 100vw, 540px" /></figure>
</div>



<div class="wp-block-column is-layout-flow wp-block-column-is-layout-flow">
<h6 class="wp-block-heading">VI Coloquio Internacional de Investigación 2025</h6>



<p><strong><em>CRÉDITOS</em></strong><br><strong>Adriana Mosquera Carrascal:&nbsp;</strong>Decana Facultad de ciencias Administrativa y Económicas UFPSO</p>



<p><strong><em>Equipo Centro de Investigación para el Desarrollo Regional [CIDER]</em></strong><br><strong><br>Doralba coronel coronel:&nbsp;</strong>Directora Centro de Investigación para el<br>Desarrollo Regional “CIDER”<br><strong>Carmen Amanda Ibáñez Rueda:&nbsp;</strong>Coordinador Observatorio Laboral y Económico<br><strong><strong>Jorge Adid Parra Alvernia</strong>:&nbsp;</strong>Coordinador Observatorio del Sector Solidario<br><strong>Luz Mery Durán Alvernia:&nbsp;</strong>Profesional de apoyo grupo de investigación ROTA, GIDSE, GICAE<strong><br>Yesid Castro Chichilla:&nbsp;</strong>Profesional de apoyo en Divulgación de Información y Estadística<br><strong>Yelena Alexandra Pérez Quintero:</strong> Profesional de apoyo Reconocimiento del CIDER<br><strong>Eliana Patricia Contreras Rincón:</strong> Profesional de apoyo CIDER<br><strong>Liseth Paola Claro:</strong> Profesional de apoyo de la Revista<br>Profundidad<br><em><strong><br>Comité curricular del programa de contaduría Pública UFPSO<br></strong></em><strong>Fanny Stella Soto Arévalo:</strong>&nbsp;Coordinadora estrategia pedagógica del programa “Dossier Formativo Integrador”<br><br><strong><em>Comité Científico:</em></strong><br>Grupos de investigación UFPSO GIDSE, ROTA y GICAE<br><strong>ISSN :&nbsp;</strong>2744-869X<br><strong>Memorias</strong>: <a href="https://ufpso.edu.co/media/contenido/programas%20academicos/administraci%C3%B3n%20de%20empresas%20/cider/coloquio/memorias%20trabajos%20de%20aula.pdf">https://ufpso.edu.co/media/contenido/programas.pdf</a></p>
</div>
</div>

<p>VI Coloquio Internacional de Investigación 2025 CRÉDITOSAdriana Mosquera Carrascal:&nbsp;Decana Facultad de ciencias Administrativa y Económicas UFPSO Equipo Centro de Investigación para el Desarrollo Regional [CIDER]Doralba coronel coronel:&nbsp;Directora Centro de Investigación para elDesarrollo Regional “CIDER”Carmen Amanda Ibáñez Rueda:&nbsp;Coordinador Observatorio Laboral y EconómicoJorge Adid Parra Alvernia:&nbsp;Coordinador Observatorio del Sector SolidarioLuz Mery Durán Alvernia:&nbsp;Profesional de apoyo grupo de&hellip;&nbsp;<a href="https://cider.ufpso.edu.co/?page_id=7407" class="" rel="bookmark">Leer más &raquo;<span class="screen-reader-text">VI Coloquio Internacional de Investigación</span></a></p>
