{"id":7361,"date":"2026-09-04T14:25:12","date_gmt":"2026-09-04T14:25:12","guid":{"rendered":"https:\/\/cider.ufpso.edu.co\/?page_id=7361"},"modified":"2026-09-04T15:38:23","modified_gmt":"2026-09-04T15:38:23","slug":"iii-coloquio-internacional","status":"publish","type":"page","link":"https:\/\/cider.ufpso.edu.co\/?page_id=7361","title":{"rendered":"III Coloquio Internacional de Investigaci\u00f3n"},"content":{"rendered":"\n<div class=\"wp-block-columns is-layout-flex wp-container-core-columns-is-layout-1 wp-block-columns-is-layout-flex\">\n<div class=\"wp-block-column is-layout-flow wp-block-column-is-layout-flow\">\n<figure class=\"wp-block-image size-full\"><img loading=\"lazy\" decoding=\"async\" width=\"541\" height=\"705\" src=\"https:\/\/cider.ufpso.edu.co\/wp-content\/uploads\/2026\/09\/III-coloquio-Internacional.png\" alt=\"\" class=\"wp-image-7372\" srcset=\"https:\/\/cider.ufpso.edu.co\/wp-content\/uploads\/2026\/09\/III-coloquio-Internacional.png 541w, https:\/\/cider.ufpso.edu.co\/wp-content\/uploads\/2026\/09\/III-coloquio-Internacional-230x300.png 230w\" sizes=\"auto, (max-width: 541px) 100vw, 541px\" \/><\/figure>\n<\/div>\n\n\n\n<div class=\"wp-block-column is-layout-flow wp-block-column-is-layout-flow\">\n<h6 class=\"wp-block-heading\">III Coloquio Internacional de Investigaci\u00f3n 2024<\/h6>\n\n\n\n<p><strong><em>CR\u00c9DITOS<\/em><\/strong><br><strong>Wilder Quintero Quintero:\u00a0<\/strong>Decano Facultad de ciencias Administrativa y Econ\u00f3micas UFPSO<\/p>\n\n\n\n<p><strong><em>Equipo Centro de Investigaci\u00f3n para el Desarrollo Regional [CIDER]<\/em><\/strong><br><strong><br>Leidy Torcoroma Guerrero Prado:\u00a0<\/strong>Coordinador [CIDER]<em>\u201d<\/em><br><strong>Harol Mauricio Coronel \u00c1lvarez:\u00a0<\/strong>Coordinador Observatorio Laboral y Econ\u00f3mico<br><strong><strong>Gabriel David Camacho Murillo<\/strong>:\u00a0<\/strong>Coordinador Observatorio del Sector Solidario<br><strong>Stefania Ar\u00e9valo Villarreal:\u00a0<\/strong>Profesional de apoyo grupo de investigaci\u00f3n ROTA, GIDSE, GICAE<strong><br>Edward Fabian Moreno Mendoza:\u00a0<\/strong>Profesional de apoyo en Divulgaci\u00f3n de Informaci\u00f3n y Estad\u00edstica<br><strong>Dagoberto C\u00e1rdenas Monta\u00f1o: <\/strong>Secretario y apoyo Log\u00edstico<strong><br><\/strong><em><strong><br>Comit\u00e9 curricular del programa de contadur\u00eda P\u00fablica UFPSO<br><\/strong><\/em><strong>Fanny Stella Soto Ar\u00e9valo:<\/strong>\u00a0Coordinadora estrategia pedag\u00f3gica del programa \u201cDossier Formativo Integrador\u201d<\/p>\n\n\n\n<p><strong><em>Comit\u00e9 Cient\u00edfico:<\/em><\/strong><br>Grupos de investigaci\u00f3n UFPSO GIDSE, ROTA y GICAE<br><strong>ISSN :\u00a0<\/strong>3028-3078<br><strong>Memorias:<\/strong> <a href=\"https:\/\/ufpso.edu.co\/media\/contenido\/programas%20academicos\/administraci%C3%B3n%20de%20empresas%20\/cider\/coloquio\/iii%20coloquio%20internacional%20de%20investigaci%C3%B3n%20fcae.pdf\">https:\/\/ufpso.edu.co\/III Coloquio Internacional<\/a><\/p>\n<\/div>\n<\/div>\n\n\n\n<div class=\"wp-block-columns alignwide is-layout-flex wp-container-core-columns-is-layout-2 wp-block-columns-is-layout-flex\">\n<div class=\"wp-block-column is-layout-flow wp-block-column-is-layout-flow\" style=\"flex-basis:100%\"><\/div>\n<\/div>\n\n\n\n<p><\/p>\n","protected":false},"excerpt":{"rendered":"<p>III Coloquio Internacional de Investigaci\u00f3n 2024 CR\u00c9DITOSWilder Quintero Quintero:\u00a0Decano Facultad de ciencias Administrativa y Econ\u00f3micas UFPSO Equipo Centro de Investigaci\u00f3n para el Desarrollo Regional [CIDER]Leidy Torcoroma Guerrero Prado:\u00a0Coordinador [CIDER]\u201dHarol Mauricio Coronel \u00c1lvarez:\u00a0Coordinador Observatorio Laboral y Econ\u00f3micoGabriel David Camacho Murillo:\u00a0Coordinador Observatorio del Sector SolidarioStefania Ar\u00e9valo Villarreal:\u00a0Profesional de apoyo grupo de investigaci\u00f3n ROTA, GIDSE, GICAEEdward Fabian Moreno&hellip;&nbsp;<a href=\"https:\/\/cider.ufpso.edu.co\/?page_id=7361\" class=\"\" rel=\"bookmark\">Leer m\u00e1s &raquo;<span class=\"screen-reader-text\">III Coloquio Internacional de Investigaci\u00f3n<\/span><\/a><\/p>\n","protected":false},"author":1,"featured_media":0,"parent":0,"menu_order":0,"comment_status":"closed","ping_status":"closed","template":"","meta":{"neve_meta_sidebar":"","neve_meta_container":"","neve_meta_enable_content_width":"","neve_meta_content_width":0,"neve_meta_title_alignment":"","neve_meta_author_avatar":"","neve_post_elements_order":"","neve_meta_disable_header":"","neve_meta_disable_footer":"","neve_meta_disable_title":"","footnotes":""},"class_list":["post-7361","page","type-page","status-publish","hentry"],"_links":{"self":[{"href":"https:\/\/cider.ufpso.edu.co\/index.php?rest_route=\/wp\/v2\/pages\/7361","targetHints":{"allow":["GET"]}}],"collection":[{"href":"https:\/\/cider.ufpso.edu.co\/index.php?rest_route=\/wp\/v2\/pages"}],"about":[{"href":"https:\/\/cider.ufpso.edu.co\/index.php?rest_route=\/wp\/v2\/types\/page"}],"author":[{"embeddable":true,"href":"https:\/\/cider.ufpso.edu.co\/index.php?rest_route=\/wp\/v2\/users\/1"}],"replies":[{"embeddable":true,"href":"https:\/\/cider.ufpso.edu.co\/index.php?rest_route=%2Fwp%2Fv2%2Fcomments&post=7361"}],"version-history":[{"count":10,"href":"https:\/\/cider.ufpso.edu.co\/index.php?rest_route=\/wp\/v2\/pages\/7361\/revisions"}],"predecessor-version":[{"id":7387,"href":"https:\/\/cider.ufpso.edu.co\/index.php?rest_route=\/wp\/v2\/pages\/7361\/revisions\/7387"}],"wp:attachment":[{"href":"https:\/\/cider.ufpso.edu.co\/index.php?rest_route=%2Fwp%2Fv2%2Fmedia&parent=7361"}],"curies":[{"name":"wp","href":"https:\/\/api.w.org\/{rel}","templated":true}]}}

III Coloquio Internacional de Investigación

<div class="wp-block-columns is-layout-flex wp-container-core-columns-is-layout-1 wp-block-columns-is-layout-flex">
<div class="wp-block-column is-layout-flow wp-block-column-is-layout-flow">
<figure class="wp-block-image size-full"><img loading="lazy" decoding="async" width="541" height="705" src="https://cider.ufpso.edu.co/wp-content/uploads/2026/09/III-coloquio-Internacional.png" alt="" class="wp-image-7372" srcset="https://cider.ufpso.edu.co/wp-content/uploads/2026/09/III-coloquio-Internacional.png 541w, https://cider.ufpso.edu.co/wp-content/uploads/2026/09/III-coloquio-Internacional-230x300.png 230w" sizes="auto, (max-width: 541px) 100vw, 541px" /></figure>
</div>



<div class="wp-block-column is-layout-flow wp-block-column-is-layout-flow">
<h6 class="wp-block-heading">III Coloquio Internacional de Investigación 2024</h6>



<p><strong><em>CRÉDITOS</em></strong><br><strong>Wilder Quintero Quintero: </strong>Decano Facultad de ciencias Administrativa y Económicas UFPSO</p>



<p><strong><em>Equipo Centro de Investigación para el Desarrollo Regional [CIDER]</em></strong><br><strong><br>Leidy Torcoroma Guerrero Prado: </strong>Coordinador [CIDER]<em>”</em><br><strong>Harol Mauricio Coronel Álvarez: </strong>Coordinador Observatorio Laboral y Económico<br><strong><strong>Gabriel David Camacho Murillo</strong>: </strong>Coordinador Observatorio del Sector Solidario<br><strong>Stefania Arévalo Villarreal: </strong>Profesional de apoyo grupo de investigación ROTA, GIDSE, GICAE<strong><br>Edward Fabian Moreno Mendoza: </strong>Profesional de apoyo en Divulgación de Información y Estadística<br><strong>Dagoberto Cárdenas Montaño: </strong>Secretario y apoyo Logístico<strong><br></strong><em><strong><br>Comité curricular del programa de contaduría Pública UFPSO<br></strong></em><strong>Fanny Stella Soto Arévalo:</strong> Coordinadora estrategia pedagógica del programa “Dossier Formativo Integrador”</p>



<p><strong><em>Comité Científico:</em></strong><br>Grupos de investigación UFPSO GIDSE, ROTA y GICAE<br><strong>ISSN : </strong>3028-3078<br><strong>Memorias:</strong> <a href="https://ufpso.edu.co/media/contenido/programas%20academicos/administraci%C3%B3n%20de%20empresas%20/cider/coloquio/iii%20coloquio%20internacional%20de%20investigaci%C3%B3n%20fcae.pdf">https://ufpso.edu.co/III Coloquio Internacional</a></p>
</div>
</div>



<div class="wp-block-columns alignwide is-layout-flex wp-container-core-columns-is-layout-2 wp-block-columns-is-layout-flex">
<div class="wp-block-column is-layout-flow wp-block-column-is-layout-flow" style="flex-basis:100%"></div>
</div>



<p></p>

<p>III Coloquio Internacional de Investigación 2024 CRÉDITOSWilder Quintero Quintero: Decano Facultad de ciencias Administrativa y Económicas UFPSO Equipo Centro de Investigación para el Desarrollo Regional [CIDER]Leidy Torcoroma Guerrero Prado: Coordinador [CIDER]”Harol Mauricio Coronel Álvarez: Coordinador Observatorio Laboral y EconómicoGabriel David Camacho Murillo: Coordinador Observatorio del Sector SolidarioStefania Arévalo Villarreal: Profesional de apoyo grupo de investigación ROTA, GIDSE, GICAEEdward Fabian Moreno&hellip;&nbsp;<a href="https://cider.ufpso.edu.co/?page_id=7361" class="" rel="bookmark">Leer más &raquo;<span class="screen-reader-text">III Coloquio Internacional de Investigación</span></a></p>
