{"id":6012,"date":"2023-03-17T14:26:08","date_gmt":"2023-03-17T14:26:08","guid":{"rendered":"https:\/\/cider.ufpso.edu.co\/?page_id=6012"},"modified":"2025-09-24T15:08:34","modified_gmt":"2025-09-24T15:08:34","slug":"observatorio-del-sector-solidario","status":"publish","type":"page","link":"https:\/\/cider.ufpso.edu.co\/?page_id=6012","title":{"rendered":"Observatorio del Sector Solidario"},"content":{"rendered":"\n<div class=\"wp-block-media-text alignwide is-stacked-on-mobile\" style=\"grid-template-columns:48% auto\"><figure class=\"wp-block-media-text__media\"><img loading=\"lazy\" decoding=\"async\" width=\"1024\" height=\"1003\" src=\"https:\/\/cider.ufpso.edu.co\/wp-content\/uploads\/2023\/03\/OBSERVATORIOSS-1024x1003.jpg\" alt=\"\" class=\"wp-image-6013 size-full\" srcset=\"https:\/\/cider.ufpso.edu.co\/wp-content\/uploads\/2023\/03\/OBSERVATORIOSS-1024x1003.jpg 1024w, https:\/\/cider.ufpso.edu.co\/wp-content\/uploads\/2023\/03\/OBSERVATORIOSS-300x294.jpg 300w, https:\/\/cider.ufpso.edu.co\/wp-content\/uploads\/2023\/03\/OBSERVATORIOSS-768x752.jpg 768w, https:\/\/cider.ufpso.edu.co\/wp-content\/uploads\/2023\/03\/OBSERVATORIOSS-1536x1504.jpg 1536w, https:\/\/cider.ufpso.edu.co\/wp-content\/uploads\/2023\/03\/OBSERVATORIOSS-2048x2005.jpg 2048w\" sizes=\"auto, (max-width: 1024px) 100vw, 1024px\" \/><\/figure><div class=\"wp-block-media-text__content\">\n<p class=\"has-text-align-left\">El Observatorio del Sector Solidario, es una unidad del Centro de Investigaci\u00f3n para el Desarrollo Regional (CIDER) adscrito a la Facultad de Ciencias Administrativas y Econ\u00f3micas de la Universidad Francisco de Paula Santander de Oca\u00f1a, que tiene como finalidad el estudio, la investigaci\u00f3n, la promoci\u00f3n y la formaci\u00f3n de la Econom\u00eda Solidaria como modelo de desarrollo sostenible con una perspectiva social y territorial.<\/p>\n\n\n\n<p class=\"has-text-align-left\">Somos la \u00fanica instituci\u00f3n universitaria en el Norte de Santander acreditada y autorizada para impartir Educaci\u00f3n en Econom\u00eda Solidaria (Resoluci\u00f3n No. 245 del 21 de octubre de 2022) vigente hasta octubre de 2025.<\/p>\n<\/div><\/div>\n\n\n\n<p class=\"has-medium-font-size\"><strong>MISI\u00d3N<\/strong><\/p>\n\n\n\n<p>El Observatorio del Sector Solidario tiene como prop\u00f3sito la investigaci\u00f3n, el fomento y la promoci\u00f3n de la Econom\u00eda Solidaria entendida como sistema socioecon\u00f3mico que propende por la integraci\u00f3n del desarrollo territorial y comunitaria.&nbsp;<\/p>\n\n\n\n<p class=\"has-medium-font-size\"><strong>VISI\u00d3N<\/strong><\/p>\n\n\n\n<p>El Observatorio del Sector Solidario para el 2025 ser\u00e1 reconocido en la provincia de Oca\u00f1a y su zona de influencia como l\u00edder en la investigaci\u00f3n y divulgaci\u00f3n de informaci\u00f3n sobre la econom\u00eda social y solidaria.<\/p>\n\n\n\n<p class=\"has-medium-font-size\"><strong>OBJETIVOS <\/strong><\/p>\n\n\n\n<p><strong>Objetivo general.<\/strong><\/p>\n\n\n\n<p>Fomentar el estudio y la investigaci\u00f3n en el Sector Solidario promoviendo la cultura solidaria y la integraci\u00f3n territorial.<\/p>\n\n\n\n<p><strong>Objetivos espec\u00edficos.<\/strong><\/p>\n\n\n\n<ul class=\"wp-block-list\">\n<li>Desarrollar procesos de estudio e investigaci\u00f3n sobre las organizaciones del Sector Solidario.<\/li>\n\n\n\n<li>Brindar formaci\u00f3n y asesoramiento para la creaci\u00f3n de organizaciones Solidarias.<\/li>\n\n\n\n<li>Recolectar y analizar informaci\u00f3n que permitan la divulgaci\u00f3n de datos de inter\u00e9s sobre indicadores del Sector Solidario.<\/li>\n\n\n\n<li>Promover actividades para el fomento de la cultura solidaria.<\/li>\n<\/ul>\n\n\n\n<hr class=\"wp-block-separator has-alpha-channel-opacity\"\/>\n\n\n\n<p class=\"has-text-align-center\"><strong>Jorge Adid Parra Alvernia<\/strong><br>Coordinador del Observatorio del Sector Solidario<br><strong>Correo de la Dependencia: observatoriosolidario@ufpso.edu.co<\/strong><\/p>\n\n\n\n<hr class=\"wp-block-separator has-alpha-channel-opacity\"\/>\n\n\n\n<p class=\"has-text-align-center has-nv-text-dark-bg-color has-text-color has-background has-small-font-size\" style=\"background:linear-gradient(135deg,rgb(82,30,62) 0%,rgb(116,60,154) 47%,rgb(79,61,118) 100%)\"><strong>INSTITUCI\u00d3N DE EDUCACI\u00d3N SUPERIOR SUJETA A INSPECCI\u00d3N Y VIGILANCIA POR EL MINISTERIO DE EDUCACI\u00d3N NACIONAL UNIVERSIDAD FRANCISCO DE PAULA SANTANDER OCA\u00d1A \u2013 COLOMBIA V\u00cdA ACOLSURE, SEDE EL ALGODONAL OCA\u00d1A NORTE DE SANTANDER \u2013 C\u00d3DIGO POSTAL: 546552 HORARIO DE ATENCI\u00d3N: LUNES A VIERNES 7:00 A.M. A 12:00 M. Y DE 2:00 P.M A 5:00 P.M. PBX: (+57) (7) 5690088, FUERA DE OCA\u00d1A: 01-8000-12102<\/strong><\/p>\n","protected":false},"excerpt":{"rendered":"<p>El Observatorio del Sector Solidario, es una unidad del Centro de Investigaci\u00f3n para el Desarrollo Regional (CIDER) adscrito a la Facultad de Ciencias Administrativas y Econ\u00f3micas de la Universidad Francisco de Paula Santander de Oca\u00f1a, que tiene como finalidad el estudio, la investigaci\u00f3n, la promoci\u00f3n y la formaci\u00f3n de la Econom\u00eda Solidaria como modelo de&hellip;&nbsp;<a href=\"https:\/\/cider.ufpso.edu.co\/?page_id=6012\" class=\"\" rel=\"bookmark\">Leer m\u00e1s &raquo;<span class=\"screen-reader-text\">Observatorio del Sector Solidario<\/span><\/a><\/p>\n","protected":false},"author":1,"featured_media":0,"parent":5954,"menu_order":14,"comment_status":"closed","ping_status":"closed","template":"","meta":{"neve_meta_sidebar":"full-width","neve_meta_container":"","neve_meta_enable_content_width":"on","neve_meta_content_width":100,"neve_meta_title_alignment":"","neve_meta_author_avatar":"","neve_post_elements_order":"","neve_meta_disable_header":"","neve_meta_disable_footer":"","neve_meta_disable_title":"","footnotes":""},"class_list":["post-6012","page","type-page","status-publish","hentry"],"_links":{"self":[{"href":"https:\/\/cider.ufpso.edu.co\/index.php?rest_route=\/wp\/v2\/pages\/6012","targetHints":{"allow":["GET"]}}],"collection":[{"href":"https:\/\/cider.ufpso.edu.co\/index.php?rest_route=\/wp\/v2\/pages"}],"about":[{"href":"https:\/\/cider.ufpso.edu.co\/index.php?rest_route=\/wp\/v2\/types\/page"}],"author":[{"embeddable":true,"href":"https:\/\/cider.ufpso.edu.co\/index.php?rest_route=\/wp\/v2\/users\/1"}],"replies":[{"embeddable":true,"href":"https:\/\/cider.ufpso.edu.co\/index.php?rest_route=%2Fwp%2Fv2%2Fcomments&post=6012"}],"version-history":[{"count":15,"href":"https:\/\/cider.ufpso.edu.co\/index.php?rest_route=\/wp\/v2\/pages\/6012\/revisions"}],"predecessor-version":[{"id":7161,"href":"https:\/\/cider.ufpso.edu.co\/index.php?rest_route=\/wp\/v2\/pages\/6012\/revisions\/7161"}],"up":[{"embeddable":true,"href":"https:\/\/cider.ufpso.edu.co\/index.php?rest_route=\/wp\/v2\/pages\/5954"}],"wp:attachment":[{"href":"https:\/\/cider.ufpso.edu.co\/index.php?rest_route=%2Fwp%2Fv2%2Fmedia&parent=6012"}],"curies":[{"name":"wp","href":"https:\/\/api.w.org\/{rel}","templated":true}]}}