{"id":5832,"date":"2022-08-30T16:31:43","date_gmt":"2022-08-30T16:31:43","guid":{"rendered":"https:\/\/cider.ufpso.edu.co\/?page_id=5832"},"modified":"2025-09-24T15:44:14","modified_gmt":"2025-09-24T15:44:14","slug":"conferencistas-2","status":"publish","type":"page","link":"https:\/\/cider.ufpso.edu.co\/?page_id=5832","title":{"rendered":"Conferencistas Dossier"},"content":{"rendered":"\n<hr class=\"wp-block-separator has-alpha-channel-opacity\"\/>\n\n\n\n<h3 class=\"wp-block-heading has-text-align-center\">Conferencistas Dossier 2025<\/h3>\n\n\n\n<hr class=\"wp-block-separator has-alpha-channel-opacity\"\/>\n\n\n<div class=\"wp-block-image\">\n<figure class=\"aligncenter size-large is-resized\"><img loading=\"lazy\" decoding=\"async\" width=\"819\" height=\"1024\" src=\"https:\/\/cider.ufpso.edu.co\/wp-content\/uploads\/2025\/09\/Conferencistas-DOSSIER_Mesa-de-trabajo-1-1-819x1024.jpg\" alt=\"\" class=\"wp-image-7154\" style=\"width:809px;height:auto\" srcset=\"https:\/\/cider.ufpso.edu.co\/wp-content\/uploads\/2025\/09\/Conferencistas-DOSSIER_Mesa-de-trabajo-1-1-819x1024.jpg 819w, https:\/\/cider.ufpso.edu.co\/wp-content\/uploads\/2025\/09\/Conferencistas-DOSSIER_Mesa-de-trabajo-1-1-240x300.jpg 240w, https:\/\/cider.ufpso.edu.co\/wp-content\/uploads\/2025\/09\/Conferencistas-DOSSIER_Mesa-de-trabajo-1-1-768x960.jpg 768w, https:\/\/cider.ufpso.edu.co\/wp-content\/uploads\/2025\/09\/Conferencistas-DOSSIER_Mesa-de-trabajo-1-1-1229x1536.jpg 1229w, https:\/\/cider.ufpso.edu.co\/wp-content\/uploads\/2025\/09\/Conferencistas-DOSSIER_Mesa-de-trabajo-1-1-1638x2048.jpg 1638w, https:\/\/cider.ufpso.edu.co\/wp-content\/uploads\/2025\/09\/Conferencistas-DOSSIER_Mesa-de-trabajo-1-1-scaled.jpg 2048w\" sizes=\"auto, (max-width: 819px) 100vw, 819px\" \/><\/figure><\/div>\n\n\n<hr class=\"wp-block-separator has-alpha-channel-opacity\"\/>\n\n\n\n<h3 class=\"wp-block-heading has-text-align-center\">Conferencistas Dossier 2024<\/h3>\n\n\n\n<hr class=\"wp-block-separator has-alpha-channel-opacity\"\/>\n\n\n<div class=\"wp-block-image\">\n<figure class=\"aligncenter size-large is-resized\"><img loading=\"lazy\" decoding=\"async\" width=\"842\" height=\"1024\" src=\"https:\/\/cider.ufpso.edu.co\/wp-content\/uploads\/2024\/05\/cicd-842x1024.jpg\" alt=\"\" class=\"wp-image-6648\" style=\"width:809px;height:auto\" srcset=\"https:\/\/cider.ufpso.edu.co\/wp-content\/uploads\/2024\/05\/cicd-842x1024.jpg 842w, https:\/\/cider.ufpso.edu.co\/wp-content\/uploads\/2024\/05\/cicd-247x300.jpg 247w, https:\/\/cider.ufpso.edu.co\/wp-content\/uploads\/2024\/05\/cicd-768x934.jpg 768w, https:\/\/cider.ufpso.edu.co\/wp-content\/uploads\/2024\/05\/cicd-1263x1536.jpg 1263w, https:\/\/cider.ufpso.edu.co\/wp-content\/uploads\/2024\/05\/cicd-1684x2048.jpg 1684w\" sizes=\"auto, (max-width: 842px) 100vw, 842px\" \/><\/figure><\/div>\n\n\n<hr class=\"wp-block-separator has-alpha-channel-opacity\"\/>\n\n\n\n<div class=\"wp-block-buttons alignfull is-content-justification-center is-layout-flex wp-container-core-buttons-is-layout-1 wp-block-buttons-is-layout-flex\">\n<div class=\"wp-block-button\"><a class=\"wp-block-button__link has-background wp-element-button\" style=\"background:linear-gradient(135deg,rgb(82,30,62) 0%,rgb(116,60,154) 47%,rgb(79,61,118) 100%)\"><strong>Instituci\u00f3n de Educaci\u00f3n Superior sujeta a inspecci\u00f3n y vigilancia por el Ministerio de Educaci\u00f3n Nacional Universidad Francisco de Paula Santander Oca\u00f1a \u2013 Colombia V\u00eda Acolsure, Sede el Algodonal Oca\u00f1a Norte de Santander \u2013 C\u00f3digo Postal: 546552 Horario de atenci\u00f3n: Lunes a Viernes 7:00 a.m. a 12:00 m. y de 2:00 p.m a 5:00 p.m. PBX: (+57) (7) 5690088, Fuera de Oca\u00f1a: 01-8000-12102<\/strong><\/a><\/div>\n<\/div>\n\n\n\n<p><\/p>\n","protected":false},"excerpt":{"rendered":"<p>Conferencistas Dossier 2025 Conferencistas Dossier 2024<\/p>\n","protected":false},"author":1,"featured_media":0,"parent":0,"menu_order":0,"comment_status":"closed","ping_status":"closed","template":"","meta":{"neve_meta_sidebar":"full-width","neve_meta_container":"","neve_meta_enable_content_width":"on","neve_meta_content_width":100,"neve_meta_title_alignment":"","neve_meta_author_avatar":"","neve_post_elements_order":"","neve_meta_disable_header":"","neve_meta_disable_footer":"","neve_meta_disable_title":"off","footnotes":""},"class_list":["post-5832","page","type-page","status-publish","hentry"],"_links":{"self":[{"href":"https:\/\/cider.ufpso.edu.co\/index.php?rest_route=\/wp\/v2\/pages\/5832","targetHints":{"allow":["GET"]}}],"collection":[{"href":"https:\/\/cider.ufpso.edu.co\/index.php?rest_route=\/wp\/v2\/pages"}],"about":[{"href":"https:\/\/cider.ufpso.edu.co\/index.php?rest_route=\/wp\/v2\/types\/page"}],"author":[{"embeddable":true,"href":"https:\/\/cider.ufpso.edu.co\/index.php?rest_route=\/wp\/v2\/users\/1"}],"replies":[{"embeddable":true,"href":"https:\/\/cider.ufpso.edu.co\/index.php?rest_route=%2Fwp%2Fv2%2Fcomments&post=5832"}],"version-history":[{"count":12,"href":"https:\/\/cider.ufpso.edu.co\/index.php?rest_route=\/wp\/v2\/pages\/5832\/revisions"}],"predecessor-version":[{"id":7172,"href":"https:\/\/cider.ufpso.edu.co\/index.php?rest_route=\/wp\/v2\/pages\/5832\/revisions\/7172"}],"wp:attachment":[{"href":"https:\/\/cider.ufpso.edu.co\/index.php?rest_route=%2Fwp%2Fv2%2Fmedia&parent=5832"}],"curies":[{"name":"wp","href":"https:\/\/api.w.org\/{rel}","templated":true}]}}