{"id":5813,"date":"2022-08-30T16:15:45","date_gmt":"2022-08-30T16:15:45","guid":{"rendered":"https:\/\/cider.ufpso.edu.co\/?page_id=5813"},"modified":"2025-10-07T16:27:58","modified_gmt":"2025-10-07T16:27:58","slug":"conferencistas","status":"publish","type":"page","link":"https:\/\/cider.ufpso.edu.co\/?page_id=5813","title":{"rendered":"Conferencistas Encuentro Internacional de Investigaci\u00f3n y Esp\u00edritu Empresarial"},"content":{"rendered":"\n<hr class=\"wp-block-separator has-alpha-channel-opacity\"\/>\n\n\n\n<h2 class=\"wp-block-heading\">Conferencistas 2024<\/h2>\n\n\n\n<hr class=\"wp-block-separator has-alpha-channel-opacity\"\/>\n\n\n<div class=\"wp-block-image\">\n<figure class=\"aligncenter size-large\"><img loading=\"lazy\" decoding=\"async\" width=\"822\" height=\"1024\" src=\"https:\/\/cider.ufpso.edu.co\/wp-content\/uploads\/2025\/10\/WhatsApp-Image-2025-10-07-at-9.48.01-AM-822x1024.jpeg\" alt=\"\" class=\"wp-image-7196\" srcset=\"https:\/\/cider.ufpso.edu.co\/wp-content\/uploads\/2025\/10\/WhatsApp-Image-2025-10-07-at-9.48.01-AM-822x1024.jpeg 822w, https:\/\/cider.ufpso.edu.co\/wp-content\/uploads\/2025\/10\/WhatsApp-Image-2025-10-07-at-9.48.01-AM-241x300.jpeg 241w, https:\/\/cider.ufpso.edu.co\/wp-content\/uploads\/2025\/10\/WhatsApp-Image-2025-10-07-at-9.48.01-AM-768x956.jpeg 768w, https:\/\/cider.ufpso.edu.co\/wp-content\/uploads\/2025\/10\/WhatsApp-Image-2025-10-07-at-9.48.01-AM.jpeg 828w\" sizes=\"auto, (max-width: 822px) 100vw, 822px\" \/><\/figure><\/div>\n\n\n<hr class=\"wp-block-separator has-alpha-channel-opacity\"\/>\n\n\n\n<h2 class=\"wp-block-heading\">Conferencistas 2023<\/h2>\n\n\n\n<hr class=\"wp-block-separator has-alpha-channel-opacity\"\/>\n\n\n<div class=\"wp-block-image\">\n<figure class=\"aligncenter size-large\"><img loading=\"lazy\" decoding=\"async\" width=\"842\" height=\"1024\" src=\"https:\/\/cider.ufpso.edu.co\/wp-content\/uploads\/2023\/11\/IMG-20231124-WA0002-842x1024.jpg\" alt=\"\" class=\"wp-image-6431\" srcset=\"https:\/\/cider.ufpso.edu.co\/wp-content\/uploads\/2023\/11\/IMG-20231124-WA0002-842x1024.jpg 842w, https:\/\/cider.ufpso.edu.co\/wp-content\/uploads\/2023\/11\/IMG-20231124-WA0002-247x300.jpg 247w, https:\/\/cider.ufpso.edu.co\/wp-content\/uploads\/2023\/11\/IMG-20231124-WA0002-768x934.jpg 768w, https:\/\/cider.ufpso.edu.co\/wp-content\/uploads\/2023\/11\/IMG-20231124-WA0002-1262x1536.jpg 1262w, https:\/\/cider.ufpso.edu.co\/wp-content\/uploads\/2023\/11\/IMG-20231124-WA0002.jpg 1315w\" sizes=\"auto, (max-width: 842px) 100vw, 842px\" \/><\/figure><\/div>\n\n\n<hr class=\"wp-block-separator has-alpha-channel-opacity\"\/>\n\n\n\n<div class=\"wp-block-buttons alignfull is-layout-flex wp-block-buttons-is-layout-flex\">\n<div class=\"wp-block-button\"><a class=\"wp-block-button__link has-background wp-element-button\" style=\"background:linear-gradient(135deg,rgb(82,30,62) 0%,rgb(116,60,154) 46%,rgb(79,61,118) 100%)\"><strong>INSTITUCI\u00d3N DE EDUCACI\u00d3N SUPERIOR SUJETA A INSPECCI\u00d3N Y VIGILANCIA POR EL MINISTERIO DE EDUCACI\u00d3N NACIONAL UNIVERSIDAD FRANCISCO DE PAULA SANTANDER OCA\u00d1A \u2013 COLOMBIA V\u00cdA ACOLSURE, SEDE EL ALGODONAL OCA\u00d1A NORTE DE SANTANDER \u2013 C\u00d3DIGO POSTAL: 546552 HORARIO DE ATENCI\u00d3N: LUNES A VIERNES 7:00 A.M. A 12:00 M. Y DE 2:00 P.M A 5:00 P.M. PBX: (+57) (7) 5690088, FUERA DE OCA\u00d1A: 01-8000-12102<\/strong><\/a><\/div>\n<\/div>\n","protected":false},"excerpt":{"rendered":"<p>Conferencistas 2024 Conferencistas 2023<\/p>\n","protected":false},"author":1,"featured_media":0,"parent":0,"menu_order":0,"comment_status":"closed","ping_status":"closed","template":"","meta":{"neve_meta_sidebar":"full-width","neve_meta_container":"","neve_meta_enable_content_width":"on","neve_meta_content_width":100,"neve_meta_title_alignment":"","neve_meta_author_avatar":"","neve_post_elements_order":"","neve_meta_disable_header":"","neve_meta_disable_footer":"","neve_meta_disable_title":"on","footnotes":""},"class_list":["post-5813","page","type-page","status-publish","hentry"],"_links":{"self":[{"href":"https:\/\/cider.ufpso.edu.co\/index.php?rest_route=\/wp\/v2\/pages\/5813","targetHints":{"allow":["GET"]}}],"collection":[{"href":"https:\/\/cider.ufpso.edu.co\/index.php?rest_route=\/wp\/v2\/pages"}],"about":[{"href":"https:\/\/cider.ufpso.edu.co\/index.php?rest_route=\/wp\/v2\/types\/page"}],"author":[{"embeddable":true,"href":"https:\/\/cider.ufpso.edu.co\/index.php?rest_route=\/wp\/v2\/users\/1"}],"replies":[{"embeddable":true,"href":"https:\/\/cider.ufpso.edu.co\/index.php?rest_route=%2Fwp%2Fv2%2Fcomments&post=5813"}],"version-history":[{"count":8,"href":"https:\/\/cider.ufpso.edu.co\/index.php?rest_route=\/wp\/v2\/pages\/5813\/revisions"}],"predecessor-version":[{"id":7197,"href":"https:\/\/cider.ufpso.edu.co\/index.php?rest_route=\/wp\/v2\/pages\/5813\/revisions\/7197"}],"wp:attachment":[{"href":"https:\/\/cider.ufpso.edu.co\/index.php?rest_route=%2Fwp%2Fv2%2Fmedia&parent=5813"}],"curies":[{"name":"wp","href":"https:\/\/api.w.org\/{rel}","templated":true}]}}